 be (0 + 7092/30)/((-1)/5). Let b = d - -1703. Is b a prime number?
True
Let p = 5 - 7. Let q = p - -3. Is q/(0 + (-1)/(-211)) a composite number?
False
Let f be (-16)/(-32)*1*4. Suppose -x - 1436 = -f*i, 3*i + 2*i + 3*x - 3579 = 0. Is i a composite number?
True
Suppose 2*p - 1995 = 959. Is p composite?
True
Let a = 56148 - 39653. Is a prime?
False
Let m(s) = s**2 - 7*s + 64. Let v be m(14). Suppose 617 = 2*c - 21. Let n = c - v. Is n prime?
True
Suppose -4*z + 4332 = -1984. Suppose -4*x = -6*x + 5*m + z, 4*m = 3*x - 2379. Is x a composite number?
False
Let z(n) be the first derivative of n**2/2 - 236*n + 7. Let x(j) = j**2 + j + 1. Let q(s) = -x(s) - z(s). Is q(0) prime?
False
Suppose 26*z - 28*z - 32 = 0. Is ((-757)/2)/(z/32) prime?
True
Let d be (1 - 0) + -16 + 20. Suppose d*f - 3*f = -594. Let q = 32 - f. Is q prime?
False
Suppose -2475 = -4*b - b. Suppose 1345 = 4*i + t, 1190 = 5*i + 2*t - b. Is i a prime number?
False
Let h(f) = 363*f - 2. Let l = -37 + 40. Is h(l) a composite number?
False
Let k(n) = 12*n - 22. Suppose -p + 8 = -51. Suppose -2*b - 4*y = -20, y = -3*b - 2*b + p. Is k(b) prime?
False
Let y be 4/1*539/14. Suppose 3*a - 2*v = -0*v + 245, y = 2*a + v. Is a a prime number?
True
Suppose -6*f + 3*f = 4*s - 8325, -s - 3 = 0. Is f a prime number?
False
Suppose -8 = -5*g - 28. Let x be (-377)/(-4) + 1/g. Let c = 159 - x. Is c a composite number?
True
Let m(l) = l**3 - l**2 - 2*l + 5. Let r be m(2). Suppose 20 = 5*y, -r*t - 3*y - y = -2111. Is t a composite number?
False
Is 13222/4*6/3 prime?
False
Suppose 3*v + 2*y = 0, 0*v - 3*y - 15 = -3*v. Suppose v + 0 = -2*o, 0 = 4*z + 4*o + 88. Let q = 54 + z. Is q a composite number?
True
Let f = -1043 - -4346. Suppose p = 2*p - 3*o - 1090, 3*p + 2*o = f. Is p a prime number?
False
Let b = 252 - 1980. Let t = b + 2513. Is t a prime number?
False
Suppose 3*k - q - 30733 = 0, -2*k + 3*q = -8353 - 12145. Is k a composite number?
False
Is (8/(-24))/(4582/2292 + -2) a composite number?
True
Suppose -108*c + 104*c = -4*h - 45832, -2*c = -3*h - 22913. Is c a prime number?
False
Let t(m) be the second derivative of m**4/12 - 7*m**3/6 + 11*m**2/2 + 6*m. Is t(-6) composite?
False
Is -7 + 5 + -4 - -5743 a prime number?
True
Suppose 2*w + 3*g = w + 3723, -3*w + 11229 = -3*g. Suppose w = 14*u - 0*u. Is u a prime number?
False
Let o = 139 - 135. Suppose o*d - 19375 = -z + 2364, 5*d = -4*z + 27171. Is d a prime number?
False
Let r(z) = -z**3 + 8*z**2 + 7*z + 4. Let o be r(9). Let c be o/(-28) - 219/(-2). Suppose m - 633 = c. Is m prime?
True
Suppose -2*k + 26 = 5*q - k, 0 = 2*k - 2. Is q + 1198 - (-3 - -8 - 3) prime?
True
Suppose 0 = -63*c - 296464 + 1610077. Is c a composite number?
True
Suppose 148675 = 12*b - 233921. Is b a composite number?
False
Suppose m - 2117 = -2*m + w, -4*w - 3540 = -5*m. Suppose -5*y + 344 = 3*x, -m + 137 = -5*x - 2*y. Is x composite?
False
Suppose -2*i + 24 = -i. Let r be (-8)/12 + 80/(-6). Let q = r + i. Is q composite?
True
Let q(u) = u - 1. Let o(h) = 9*h**2 + 4*h - 8. Let l(b) = o(b) - 4*q(b). Let i = 46 + -49. Is l(i) a prime number?
False
Let d = 10 + -16. Let r(v) = -v**3 - 5*v**2 - 4*v + 14. Is r(d) a prime number?
False
Suppose 0 = -0*v + 5*v + 3*d - 27488, -10991 = -2*v + 3*d. Is v composite?
True
Suppose 0 = -o + 270 - 58. Let y = 621 - o. Is y composite?
False
Suppose -14874 = -5*g + 4*w + 47709, -4*g - 4*w = -50052. Is g a prime number?
False
Let y be 0 - 4/(-1 - 1). Suppose -3*k = l - 38, -2*l - y*k + 76 = -4. Let u = 36 + l. Is u prime?
False
Let v(i) = i**2 - 5*i - 2. Let p be v(6). Let c be 1/(p - 3 - 0). Is 2 + -3 + c + 143 a prime number?
False
Suppose 5 = -5*g - 0*g + d, 10 = -2*g + 2*d. Suppose g = -5*f - 6 + 26. Let s(a) = 45*a - 3. Is s(f) prime?
False
Let q = -7 + 10. Suppose -c + q*i - 2320 = -5*c, -2*i + 1158 = 2*c. Is c a prime number?
False
Let y be (-34)/85 + 2/5. Suppose 2*o - 3*p + 6 - 25 = y, -o + 3*p + 17 = 0. Suppose o*d - 6 = -0. Is d prime?
True
Let z = 305 + 162. Is z prime?
True
Suppose 342 = -18*x + 36*x. Is x a prime number?
True
Let q(z) be the second derivative of -z**5/20 - z**4/12 + z**3/6 + 89*z**2/2 + 2*z. Let g(k) = -k**2 - 3*k + 4. Let d be g(1). Is q(d) prime?
True
Let y(j) = j**3 - 4*j**2 + j + 3. Let t(k) = -k**3 + 6*k**2 - 4*k - 8. Let f be t(4). Is y(f) a prime number?
False
Let s(u) = -u**3 + 10*u**2 + 5. Let i be s(10). Suppose -9815 = -i*p - 3510. Is p prime?
False
Let l = -4383 + 6562. Is l a composite number?
False
Let n = -12 + 15. Suppose -f - n*p + 6*p + 470 = 0, f + 2*p = 465. Is f composite?
False
Let k(n) = n**2 - 4. Let h be k(2). Suppose -4*r + 2711 = -3*o - h*o, 5*o + 699 = r. Is r a prime number?
False
Let t(y) = y + 7. Let f be t(-5). Let p be -1 - f/((-2)/3). Suppose 2*j - h - 502 + 120 = 0, 382 = p*j + 2*h. Is j prime?
True
Let a(i) = 39*i**3 + i**2 + 2*i - 2. Let q be a(2). Suppose 60*n - 51*n + 729 = 0. Let v = n + q. Is v composite?
True
Let f = -1241 + 12072. Is f a prime number?
True
Is (-106242)/(-4)*(-44)/(-66) prime?
True
Let q(u) = -u**3 - 8*u**2 - 3*u - 5. Let l be q(-8). Suppose -l + 3 = -2*s. Is (1 - 5)*(-1022)/s composite?
True
Let f = -1158 + 590. Let w = -350 - f. Suppose 0*x + x - w = 0. Is x a composite number?
True
Let i(r) = -r**3 + 6*r**2 + 7*r + 3. Let k be i(8). Is (-3 + k/(-12))/((-5)/(-2140)) a prime number?
False
Suppose -q - 3*q = -8392. Is q a prime number?
False
Suppose i + 4*u = 18, 6 = 5*i - 0*i - u. Let s(d) = 4 + 2*d**2 + 21*d**3 - 19*d**3 + d - 4*d**i. Is s(3) a prime number?
True
Suppose 0 = -4*h + 4*p + 20, -4*p + 4 - 10 = 3*h. Suppose 2251 = h*k + 3*b, -5632 = -5*k - b - 2*b. Suppose 12*g = 5*g + k. Is g composite?
True
Suppose -4*l + 31 = -3*w, -2*l - 8 = l + 4*w. Let g be (-12)/(-1 + l) + -40. Is g/(-3) + (-10)/15 a composite number?
True
Suppose 0 = -16*w + 12*w + 100504. Is 6/(-33) + (-3 - w/(-11)) a prime number?
True
Suppose l = -l + 6. Suppose l*q = 6*q - 9. Suppose 2*h + 2*z - 28 - 396 = 0, q*h - 5*z = 628. Is h a composite number?
False
Suppose 0 = 3*m + 2*m. Suppose m = -2*g + g. Is (-5)/5*(g - 199) prime?
True
Let r(a) = 5*a + 60. Let y be r(-11). Suppose t = y*z + 97, 5*t + 3*z = -z + 427. Is t a prime number?
False
Let h(p) = -p**3 + 7*p**2 - 6*p + 2. Suppose 0 = -5*s + 19 + 11. Let g be h(s). Is (7/2)/(1/g) a prime number?
True
Let x be 0 + -2 + 2 + -2. Let c be 11 + x + 3 + 0. Suppose -3*k = -c, -5*u + u = k - 752. Is u composite?
True
Let y be (-5 + -1)/(54/(-90)). Let k be ((-3368)/y)/((-14)/35). Let x = k + -463. Is x prime?
True
Let r be (-12378)/(-16) - (-9)/24. Let c = r + -385. Is c composite?
False
Is (-46)/(-184) + (-57734)/(-8) composite?
True
Suppose -15*w = -3*w - 12900. Let c = w - -610. Is c a prime number?
False
Let y be 4/(-22) - (-552)/132. Let t(b) = 2*b**2 + 22*b + 11. Let r be t(-17). Suppose -4 = -m, y*u - 5*m - 153 = r. Is u a prime number?
True
Is (-33)/(-44) + -1 + 18189/4 a prime number?
True
Let a(v) = 44*v**3 + 5*v**2 + v - 35. Is a(6) prime?
False
Let a(m) = m**2 - 3*m - 5. Let x be a(5). Let p be 9/18*-8 - (-51 - -1). Suppose 0 = -r - 2*y + p + 37, x*y = -4*r + 326. Is r a composite number?
False
Let r(v) = -19*v - 3. Let p be 2/1*(2 - 3). Let d be (p + -38)/4*1. Is r(d) a composite number?
True
Let t be -378*15*1/6. Let v = t + 3027. Suppose 6*c = 12*c - v. Is c a composite number?
False
Let j = 13 + -13. Suppose j = 2*g - 4*g + 104. Let f = g - -87. Is f composite?
False
Suppose 2*m + 5*t = 13251, 0*m - m + 5*t = -6618. Is m a prime number?
False
Suppose -5*y + y - 96 = 0. Let p be (1 - -2) + 216/36. Is p/12 - 3390/y composite?
True
Suppose -5*b - 2*k + 313717 = 0, 0 = 85*b - 84*b - 3*k - 62740. Is b a composite number?
False
Let t = -5645 - -12034. Is t a prime number?
True
Let p(j) = -12*j**2 + j. Let u be p(-2). Let b = 305 - u. Is b prime?
False
Suppose 9*z - z - 11896 = 0. Let n = z + -834. Is n a composite number?
False
Let l = -29397 + 77026. Is l a composite number?
False
Let w(q) = -464*q + 119. Is w(-3) a prime number?
True
Suppose -4*t + 4*i - 2864 = 0, -t = 6*i - 2*i + 706. Let d = -475 - t. Is d a composite number?
False
Let t(a) = a**2 - 5*a + 12. Let p be t(2). Suppose 2979 = 3*l + p*l. Is l prime?
True
Let x be 4/(-6)*(-6 - -18). Let h be 4/x*1*-12. Suppose 0 = h*y - y - q - 475, -4*y + 380 = -3*q. Is y co